{"id":23,"date":"2010-03-18T20:32:25","date_gmt":"2010-03-18T19:32:25","guid":{"rendered":"http:\/\/www.gssv-schwabach.de\/wp\/?page_id=23"},"modified":"2012-06-07T10:21:58","modified_gmt":"2012-06-07T09:21:58","slug":"gssv-aktiv","status":"publish","type":"page","link":"https:\/\/www.gssv-schwabach.de\/?page_id=23","title":{"rendered":"GSSV aktiv"},"content":{"rendered":"<p><a href=\"http:\/\/www.gssv-schwabach.de\/wp\/?page_id=291\">Offene \u00d6sterreichische Meisterschaften Small Bore Pistol<\/a><\/p>\n<p><a href=\"http:\/\/www.gssv-schwabach.de\/wp\/?page_id=280\">Gauweiler-Pokal des BDS 2010 in Traunfeld<\/a><\/p>\n<p><a href=\"..\/..\/pdf\/Abschlusstabelle%20RWK%20Vorderlader%202009.pdf\" target=\"_blank\">Abschlu\u00dftabelle Vorderlader-RWK 2009<\/a><\/p>\n<p><a href=\"http:\/\/www.gssv-schwabach.de\/wp\/?p=86\">Winterschie\u00dfen in Thalm\u00e4ssing 2007<\/a><\/p>\n<p><a href=\"http:\/\/www.gssv-schwabach.de\/wp\/?p=89\">Kipphasenschie\u00dfen in Thalm\u00e4ssing 2008<\/a><\/p>\n<p>&nbsp;<\/p>\n","protected":false},"excerpt":{"rendered":"<p>Offene \u00d6sterreichische Meisterschaften Small Bore Pistol Gauweiler-Pokal des BDS 2010 in Traunfeld Abschlu\u00dftabelle Vorderlader-RWK 2009 Winterschie\u00dfen in Thalm\u00e4ssing 2007 Kipphasenschie\u00dfen in Thalm\u00e4ssing 2008 &nbsp;<\/p>\n","protected":false},"author":1,"featured_media":0,"parent":0,"menu_order":800,"comment_status":"closed","ping_status":"closed","template":"","meta":{"footnotes":""},"class_list":["post-23","page","type-page","status-publish","hentry","no-post-thumbnail"],"_links":{"self":[{"href":"https:\/\/www.gssv-schwabach.de\/index.php?rest_route=\/wp\/v2\/pages\/23","targetHints":{"allow":["GET"]}}],"collection":[{"href":"https:\/\/www.gssv-schwabach.de\/index.php?rest_route=\/wp\/v2\/pages"}],"about":[{"href":"https:\/\/www.gssv-schwabach.de\/index.php?rest_route=\/wp\/v2\/types\/page"}],"author":[{"embeddable":true,"href":"https:\/\/www.gssv-schwabach.de\/index.php?rest_route=\/wp\/v2\/users\/1"}],"replies":[{"embeddable":true,"href":"https:\/\/www.gssv-schwabach.de\/index.php?rest_route=%2Fwp%2Fv2%2Fcomments&post=23"}],"version-history":[{"count":25,"href":"https:\/\/www.gssv-schwabach.de\/index.php?rest_route=\/wp\/v2\/pages\/23\/revisions"}],"predecessor-version":[{"id":125,"href":"https:\/\/www.gssv-schwabach.de\/index.php?rest_route=\/wp\/v2\/pages\/23\/revisions\/125"}],"wp:attachment":[{"href":"https:\/\/www.gssv-schwabach.de\/index.php?rest_route=%2Fwp%2Fv2%2Fmedia&parent=23"}],"curies":[{"name":"wp","href":"https:\/\/api.w.org\/{rel}","templated":true}]}}